b = -b - i*d + 19, -4*d = -5*b + 23. List the prime factors of b.
7
Let y be 336/96 - 6/4. List the prime factors of (-9 + -1 + 655)/(-1 + y).
3, 5, 43
Suppose 3*b + 8 = b + 5*l, 0 = 4*b + 3*l - 36. Let m = 10 + b. List the prime factors of ((-60)/(-16))/3*m.
2, 5
Let p(g) = -498*g + 118. Let v be p(-5). Suppose -v = -4*k + 3*o - 560, 3*k - 1553 = -2*o. What are the prime factors of k?
5, 103
What are the prime factors of (-1)/2 - 3717584/(-416)?
2, 1117
Suppose 13*c = 57*c + 17*c - 3818661. What are the prime factors of c?
3, 7, 11, 271
Let z = -35704 - -36978. List the prime factors of z.
2, 7, 13
Let y(c) = -6*c**2 - 4*c - 13. Let i(r) = -11*r**2 - 9*r - 26. Let m(b) = -6*i(b) + 10*y(b). List the prime factors of m(-11).
2, 13, 23
Let o(k) be the third derivative of -5*k**4/8 + 239*k**3/6 + 53*k**2 + 1. List the prime factors of o(0).
239
What are the prime factors of 8928753/549*(0 + 3)?
97, 503
Suppose -3087561 - 2334288 = -28*l - 51*l. What are the prime factors of l?
3, 22877
What are the prime factors of (-3 - 182156/(-130))*20?
2, 6991
Let u(m) = 3*m - 21*m - 25 - m**3 - 25*m**2 - 13*m. Let n(t) = -t**3 + 13*t**2 - 35*t + 119. Let z be n(11). What are the prime factors of u(z)?
11, 13
Suppose g = -l - 374, -l = -7*g + 2*g - 1870. Let w = 582 + g. Suppose 158 = d - 2*t, -d - t = -w + 44. List the prime factors of d.
2, 3
Let y = -5056 - -23423. List the prime factors of y.
18367
Let h be (808 - 1)*((-112)/24 - -5). Suppose -279*j + 4280 = -h*j. List the prime factors of j.
2, 107
Let h = -2737 - -6346. List the prime factors of h.
3, 401
Let r(v) be the third derivative of 1/6*v**4 + 0*v + 2/3*v**3 + 11/15*v**5 + 0 - 13*v**2. List the prime factors of r(-2).
2, 43
Suppose 2 = -2*t - 2. Let k be (52/(-6) - -6)*(-57)/t. Let v = -50 - k. What are the prime factors of v?
2, 13
Let t(j) = 22*j**2 - 15*j + 9. Let s be t(6). Let c be ((-5)/(-3) - 1)/(6/s). Suppose q = 2*q - c. List the prime factors of q.
79
Let w(g) = 6*g**2 + 6*g - 5. Let b be w(7). Let k = -36 + b. List the prime factors of k.
5, 59
Let h = 52166 - 33171. What are the prime factors of h?
5, 29, 131
Suppose -5*f = s - 1410, -4*s + 5640 = -44*f + 42*f. What are the prime factors of s?
2, 3, 5, 47
Let g(n) = n**2 + 54*n + 64. What are the prime factors of g(-69)?
7, 157
Let g(q) = 25*q**2 - 16*q + 23. Let l be g(6). Suppose 4*v = -3*n + l, 4*v - n - 823 = -0*v. List the prime factors of v.
2, 103
Suppose h = -1, 7845 = -3*l - 5*h + 44215. What are the prime factors of l?
5, 97
Let q = -4288 - -9202. List the prime factors of q.
2, 3, 7, 13
Let x = -2050 + 10105. What are the prime factors of x?
3, 5, 179
Let s = 7703 - 2245. What are the prime factors of s?
2, 2729
Suppose 4*o - 7*o = 612. Let l = 795 + -443. Let h = o + l. What are the prime factors of h?
2, 37
Suppose -16*d = -20*d. Suppose d = 3*s - 12, 4049 + 421 = 5*l + 5*s. Suppose -6*h = -11*h + l. List the prime factors of h.
2, 89
Let m(y) = 25*y + 8. Let u be -4 + 1 + 3 + 0. Suppose u = 5*i + 4*c + c, 0 = -4*c - 12. List the prime factors of m(i).
83
Let s be (0 - 1)*(20/4 - 1). Let o be (246/s)/(6/(-8)). What are the prime factors of -1 + o + 3 + -3?
3
List the prime factors of (-82)/(-14 + 145405/10387).
2, 17, 41, 47
Let w = -8646 - -13318. What are the prime factors of w?
2, 73
Let v = -4296 - -14004. List the prime factors of v.
2, 3, 809
Let m(q) = -q + 696. Let u be m(0). Suppose -3*y - 4*d + 69 = 17, y - 2*d = 4. Suppose -8*t = -y*t + u. What are the prime factors of t?
2, 3, 29
Suppose -r - 4 = 0, 0 = -5*p - 2*r - 3*r + 60. Suppose -p = -3*b - 7. Suppose 4*o = -0*o + b*d + 237, 0 = 4*d - 4. What are the prime factors of o?
2, 3, 5
Let y be (-10)/(-10)*(-2 - -4). Suppose -4*p = -3*x + 544, y*x - 125 = -2*p + 219. What are the prime factors of x?
2, 11
Let c(t) be the second derivative of -35*t**4/24 - 7*t**3/3 - 11*t**2 + 23*t. Let f(x) be the first derivative of c(x). What are the prime factors of f(-4)?
2, 3, 7
Suppose 3*d + 344 = 1757. Let g = d - 239. List the prime factors of g.
2, 29
Suppose -378650 - 36830 - 202568 = -37*n. List the prime factors of n.
2, 3, 29
Let q(t) = 4*t**3 - 724 + 4*t**2 - 2*t - 2*t**3 + 717. Let r(d) = -d**3 + d. Let b(k) = -q(k) - r(k). List the prime factors of b(-8).
3, 5, 17
Suppose z + 0*g - 8 = -2*g, -3*z + 4*g + 34 = 0. Suppose t = -t + z. Suppose -3*c - 2*o = -c - 138, 2*o = -t*c + 339. List the prime factors of c.
67
Let x = -73 + 78. Let c be 4/(-22) + (-2349)/(-33). Suppose -k + 4*h + c = -78, -x*k + 802 = -h. What are the prime factors of k?
7, 23
Let h(m) be the third derivative of -m**6/40 + m**5/30 - 5*m**4/24 - m**3/2 + m**2 + 163*m. Suppose 5*s = s - 12. List the prime factors of h(s).
3, 37
Suppose 41*j - 42*j + 1019 = 0. Let g = j + -555. What are the prime factors of g?
2, 29
Let y(h) = 2*h**2 - 64*h + 62. Let g be y(31). List the prime factors of -9 - (-19 + g)*28.
523
Suppose 0 = -52*m - 463*m - 379633 + 48610928. What are the prime factors of m?
7, 17, 787
Suppose -3*s - 6*a = -13269, -5*s - 3*a = 9280 - 31430. What are the prime factors of s?
11, 13, 31
Suppose 1396 = -23*k - 3779. Let a = k - -689. List the prime factors of a.
2, 29
Let p(d) = -39 - 60 + 80*d - 93*d. What are the prime factors of p(-11)?
2, 11
Suppose 2*w + 2*u = 1436, -2170 = -3*w + u + 4*u. Suppose -9*t = -14*t + w. List the prime factors of t.
2, 3
Let x = 12617 - 8586. Suppose -x + 9827 = 4*u. What are the prime factors of u?
3, 7, 23
Let w = 21002 - 11897. List the prime factors of w.
3, 5, 607
Let c be (-4)/(13/((-117)/12)). Suppose 891 = 4*b - 3*x, -c = 4*x + 1. List the prime factors of b.
2, 3, 37
Let h(a) = 84*a + 2 + 11*a**2 + 99*a - 179*a. Suppose 4*s + 0*s - 13 = 3*i, 5*i + 18 = 3*s. What are the prime factors of h(i)?
89
Let n = 677 - 622. Suppose -25*w + n*w = 23700. What are the prime factors of w?
2, 5, 79
Suppose 5*l - 5*n = 0, -5*l - 3 = -l - 5*n. Let s = l + 5. Suppose -s - 46 = -3*j. List the prime factors of j.
2, 3
Suppose -9582 + 790 = -28*a. Let q = a + -46. List the prime factors of q.
2, 67
Let q = 51586 + -26085. What are the prime factors of q?
7, 3643
Let u(v) = -1088*v + 576. List the prime factors of u(-3).
2, 3, 5
List the prime factors of 140/30*(613 + 4 + -5).
2, 3, 7, 17
Let l = 36 - 9. Suppose 26*h - 29*h = -l. List the prime factors of (-61)/(h/((-3)/(-1)) + -4).
61
Let j(w) = 1188*w**2 + 2135*w + 9. List the prime factors of j(-7).
2, 31, 349
List the prime factors of (-3)/(-1) - 19/((-513)/103221).
2, 1913
Let o(v) = 2*v**2 - 7*v - 11. Let k be o(5). Let h(x) = -4*x**2 + 2*x**3 + k*x + 90 - 92 - x. List the prime factors of h(3).
5
Let b = 664 - 662. List the prime factors of (b/(-5))/(1*6/(-9780)).
2, 163
Suppose -8 = -6*o + 4. Suppose 6*c = 8*c + 6, 0 = k + o*c - 218. What are the prime factors of k?
2, 7
Let t(p) = -p**2 - 9*p - 17. Let d be t(-23). Let n be -3 - 0/1 - -2 - d. Suppose 4*z - n = -2*o, 5*z + 218 = o + 21. What are the prime factors of o?
3, 59
Suppose -2*k + 256 - 246 = 0. Suppose k*n - 1694 - 326 = 0. What are the prime factors of n?
2, 101
Let x be 2 + 1/((-1)/(-4)). Let s(y) = y**2 - 9*y - 39. Let b(m) = -3*m - 12. Let j(q) = -7*b(q) + 2*s(q). List the prime factors of j(x).
2, 3
Suppose -26*h + 12*h = -812. Suppose 7158 = h*f - 52*f. List the prime factors of f.
1193
List the prime factors of 4 + 6399 + (18 - 5) + -7.
13, 17, 29
Let s = 120 + 107. Let o = 13 + -6. Suppose 4*z - 108 = -r, 2*r + 4*z = o*z + s. List the prime factors of r.
2, 7
Let f(l) = -l**2 + 38*l + 138. Let i be f(29). Let v = i + 545. What are the prime factors of v?
2, 59
Let y = -1863 - -11940. List the prime factors of y.
3, 3359
Let p = -16615 - -33727. List the prime factors of p.
2, 3, 23, 31
Let f(x) = -5 - 338*x**3 - 38*x + 166*x**3 - 22*x**2 + 2 + 170*x**3 + 0. List the prime factors of f(-14).
5, 11, 31
Let p = 259 + -254. Suppose -p*n - 2485 = -5*g, 5*g - n = -2*n + 2497. What are the prime factors of g?
499
Let t = 66 + -56. Suppose -u + 11 = g + 2*u, -2*u + t = g. Suppose g*b - 2*b - 516 = 0. What are the prime factors of b?
2, 43
Suppose 201*n - 197*n + 3*g - 140861 = 0, -6*n = -4*g - 211300. List the prime factors of n.
2, 31, 71
Suppose 147 = -11*g + 510. Suppose -7259 = 26*t - g*t. What are the prime factors of t?
17, 61
Let x(b) = -7